{"id":439,"date":"2020-05-04T10:18:56","date_gmt":"2020-05-04T08:18:56","guid":{"rendered":"http:\/\/sagot-conseil.com\/?page_id=439"},"modified":"2020-05-31T19:28:15","modified_gmt":"2020-05-31T17:28:15","slug":"coaching-collectif","status":"publish","type":"page","link":"https:\/\/sagot-conseil.com\/index.php\/coaching-collectif\/","title":{"rendered":"Coaching collectif"},"content":{"rendered":"\n<p>Cr\u00e9er une dynamique collective autour d&rsquo;un r\u00e9sultat. Inventer un processus pour embarquer une \u00e9quipe et produire ensemble une vision et un plan d&rsquo;action. Sans id\u00e9es pr\u00e9con\u00e7ues ni \u201cverbiage\u201d de consultant : un espace, des hommes et des femmes, un objectif&#8230;<br><\/p>\n\n\n\n<figure class=\"wp-block-image alignfull\"><img loading=\"lazy\" width=\"1024\" height=\"645\" src=\"http:\/\/sagot-conseil.com\/wp-content\/uploads\/2020\/04\/sagot-conseil-groupe.jpg\" alt=\"\" class=\"wp-image-134\" srcset=\"https:\/\/sagot-conseil.com\/wp-content\/uploads\/2020\/04\/sagot-conseil-groupe.jpg 1024w, https:\/\/sagot-conseil.com\/wp-content\/uploads\/2020\/04\/sagot-conseil-groupe-300x189.jpg 300w, https:\/\/sagot-conseil.com\/wp-content\/uploads\/2020\/04\/sagot-conseil-groupe-768x484.jpg 768w\" sizes=\"(max-width: 1024px) 100vw, 1024px\" \/><\/figure>\n\n\n\n<p><strong>Plusieurs formats : <\/strong><\/p>\n\n\n\n<ul><li><strong>Coaching d\u2019\u00e9quipe de direction<\/strong><ul><li>Accompagnement des r\u00e9unions d&rsquo;\u00e9quipe habituelles ou organisation d&rsquo;un cycle de s\u00e9ances centr\u00e9es sur le r\u00e9sultat que l&rsquo;\u00e9quipe veut atteindre. <\/li><\/ul><\/li><li><strong>S\u00e9minaire collaboratif et exp\u00e9rientiel <\/strong><ul><li>\u00e0 la journ\u00e9e ou en r\u00e9sidentiel <\/li><li>en petite \u00e9quipe ou en grand groupe  <\/li><\/ul><\/li><li><strong>Groupe de croissance et de pratiques manag\u00e9riales <\/strong><ul><li>constitution de petits groupes de managers ou de pairs volontaires qui se r\u00e9unissent tous les mois\/2 mois sur un cycle de 4 \u00e0 6 s\u00e9ances d&rsquo;une demi-journ\u00e9e sur une ann\u00e9e.<\/li><\/ul><\/li><\/ul>\n\n\n\n<figure class=\"wp-block-image alignfull size-large\"><img loading=\"lazy\" width=\"1024\" height=\"645\" src=\"http:\/\/sagot-conseil.com\/wp-content\/uploads\/2020\/04\/sagot-conseil-table-a-peinture.jpg\" alt=\"\" class=\"wp-image-146\" srcset=\"https:\/\/sagot-conseil.com\/wp-content\/uploads\/2020\/04\/sagot-conseil-table-a-peinture.jpg 1024w, https:\/\/sagot-conseil.com\/wp-content\/uploads\/2020\/04\/sagot-conseil-table-a-peinture-300x189.jpg 300w, https:\/\/sagot-conseil.com\/wp-content\/uploads\/2020\/04\/sagot-conseil-table-a-peinture-768x484.jpg 768w\" sizes=\"(max-width: 1024px) 100vw, 1024px\" \/><\/figure>\n\n\n\n<div class=\"wp-block-button is-style-outline\"><a class=\"wp-block-button__link has-text-color has-accent-color has-background has-background-background-color no-border-radius\" href=\"http:\/\/sagot-conseil.com\/index.php\/contact\/\" target=\"_blank\" rel=\"noreferrer noopener\">Pour RECEVOIR DES INFORMATIONS D\u00c9TAILL\u00c9ES<\/a><\/div>\n","protected":false},"excerpt":{"rendered":"<p>Cr\u00e9er une dynamique collective autour d&rsquo;un r\u00e9sultat. Inventer un processus pour embarquer une \u00e9quipe et produire ensemble une vision et un plan d&rsquo;action. Sans id\u00e9es pr\u00e9con\u00e7ues ni \u201cverbiage\u201d de consultant : un espace, des hommes et des femmes, un objectif&#8230; Plusieurs formats : Coaching d\u2019\u00e9quipe de direction Accompagnement des r\u00e9unions d&rsquo;\u00e9quipe habituelles ou organisation d&rsquo;un [&hellip;]<\/p>\n","protected":false},"author":1,"featured_media":0,"parent":0,"menu_order":0,"comment_status":"closed","ping_status":"closed","template":"","meta":{"_uag_custom_page_level_css":""},"yoast_head":"<!-- This site is optimized with the Yoast SEO plugin v20.1 - https:\/\/yoast.com\/wordpress\/plugins\/seo\/ -->\n<title>Coaching collectif - Sagot Conseil<\/title>\n<meta name=\"description\" content=\"Cr\u00e9er une dynamique collective autour d&#039;un r\u00e9sultat. Inventer un processus pour embarquer une \u00e9quipe et produire ensemble une vision et un plan d&#039;action.\" \/>\n<meta name=\"robots\" content=\"index, follow, max-snippet:-1, max-image-preview:large, max-video-preview:-1\" \/>\n<link rel=\"canonical\" href=\"https:\/\/sagot-conseil.com\/index.php\/coaching-collectif\/\" \/>\n<meta property=\"og:locale\" content=\"fr_FR\" \/>\n<meta property=\"og:type\" content=\"article\" \/>\n<meta property=\"og:title\" content=\"Coaching collectif - Sagot Conseil\" \/>\n<meta property=\"og:description\" content=\"Cr\u00e9er une dynamique collective autour d&#039;un r\u00e9sultat. Inventer un processus pour embarquer une \u00e9quipe et produire ensemble une vision et un plan d&#039;action.\" \/>\n<meta property=\"og:url\" content=\"https:\/\/sagot-conseil.com\/index.php\/coaching-collectif\/\" \/>\n<meta property=\"og:site_name\" content=\"Sagot Conseil\" \/>\n<meta property=\"article:modified_time\" content=\"2020-05-31T17:28:15+00:00\" \/>\n<meta property=\"og:image\" content=\"http:\/\/sagot-conseil.com\/wp-content\/uploads\/2020\/04\/sagot-conseil-groupe.jpg\" \/>\n<meta name=\"twitter:card\" content=\"summary_large_image\" \/>\n<meta name=\"twitter:label1\" content=\"Dur\u00e9e de lecture estim\u00e9e\" \/>\n\t<meta name=\"twitter:data1\" content=\"1 minute\" \/>\n<script type=\"application\/ld+json\" class=\"yoast-schema-graph\">{\"@context\":\"https:\/\/schema.org\",\"@graph\":[{\"@type\":\"WebPage\",\"@id\":\"https:\/\/sagot-conseil.com\/index.php\/coaching-collectif\/\",\"url\":\"https:\/\/sagot-conseil.com\/index.php\/coaching-collectif\/\",\"name\":\"Coaching collectif - Sagot Conseil\",\"isPartOf\":{\"@id\":\"https:\/\/sagot-conseil.com\/#website\"},\"datePublished\":\"2020-05-04T08:18:56+00:00\",\"dateModified\":\"2020-05-31T17:28:15+00:00\",\"description\":\"Cr\u00e9er une dynamique collective autour d'un r\u00e9sultat. Inventer un processus pour embarquer une \u00e9quipe et produire ensemble une vision et un plan d'action.\",\"breadcrumb\":{\"@id\":\"https:\/\/sagot-conseil.com\/index.php\/coaching-collectif\/#breadcrumb\"},\"inLanguage\":\"fr-FR\",\"potentialAction\":[{\"@type\":\"ReadAction\",\"target\":[\"https:\/\/sagot-conseil.com\/index.php\/coaching-collectif\/\"]}]},{\"@type\":\"BreadcrumbList\",\"@id\":\"https:\/\/sagot-conseil.com\/index.php\/coaching-collectif\/#breadcrumb\",\"itemListElement\":[{\"@type\":\"ListItem\",\"position\":1,\"name\":\"Accueil\",\"item\":\"https:\/\/sagot-conseil.com\/\"},{\"@type\":\"ListItem\",\"position\":2,\"name\":\"Coaching collectif\"}]},{\"@type\":\"WebSite\",\"@id\":\"https:\/\/sagot-conseil.com\/#website\",\"url\":\"https:\/\/sagot-conseil.com\/\",\"name\":\"Sagot Conseil\",\"description\":\"\",\"publisher\":{\"@id\":\"https:\/\/sagot-conseil.com\/#organization\"},\"potentialAction\":[{\"@type\":\"SearchAction\",\"target\":{\"@type\":\"EntryPoint\",\"urlTemplate\":\"https:\/\/sagot-conseil.com\/?s={search_term_string}\"},\"query-input\":\"required name=search_term_string\"}],\"inLanguage\":\"fr-FR\"},{\"@type\":\"Organization\",\"@id\":\"https:\/\/sagot-conseil.com\/#organization\",\"name\":\"de l'intention \u00e0 l'action\",\"url\":\"https:\/\/sagot-conseil.com\/\",\"logo\":{\"@type\":\"ImageObject\",\"inLanguage\":\"fr-FR\",\"@id\":\"https:\/\/sagot-conseil.com\/#\/schema\/logo\/image\/\",\"url\":\"http:\/\/sagot-conseil.com\/wp-content\/uploads\/2020\/05\/SAGOT-LOGO-RVB-500.gif\",\"contentUrl\":\"http:\/\/sagot-conseil.com\/wp-content\/uploads\/2020\/05\/SAGOT-LOGO-RVB-500.gif\",\"width\":500,\"height\":516,\"caption\":\"de l'intention \u00e0 l'action\"},\"image\":{\"@id\":\"https:\/\/sagot-conseil.com\/#\/schema\/logo\/image\/\"}}]}<\/script>\n<!-- \/ Yoast SEO plugin. -->","yoast_head_json":{"title":"Coaching collectif - Sagot Conseil","description":"Cr\u00e9er une dynamique collective autour d'un r\u00e9sultat. Inventer un processus pour embarquer une \u00e9quipe et produire ensemble une vision et un plan d'action.","robots":{"index":"index","follow":"follow","max-snippet":"max-snippet:-1","max-image-preview":"max-image-preview:large","max-video-preview":"max-video-preview:-1"},"canonical":"https:\/\/sagot-conseil.com\/index.php\/coaching-collectif\/","og_locale":"fr_FR","og_type":"article","og_title":"Coaching collectif - Sagot Conseil","og_description":"Cr\u00e9er une dynamique collective autour d'un r\u00e9sultat. Inventer un processus pour embarquer une \u00e9quipe et produire ensemble une vision et un plan d'action.","og_url":"https:\/\/sagot-conseil.com\/index.php\/coaching-collectif\/","og_site_name":"Sagot Conseil","article_modified_time":"2020-05-31T17:28:15+00:00","og_image":[{"url":"http:\/\/sagot-conseil.com\/wp-content\/uploads\/2020\/04\/sagot-conseil-groupe.jpg"}],"twitter_card":"summary_large_image","twitter_misc":{"Dur\u00e9e de lecture estim\u00e9e":"1 minute"},"schema":{"@context":"https:\/\/schema.org","@graph":[{"@type":"WebPage","@id":"https:\/\/sagot-conseil.com\/index.php\/coaching-collectif\/","url":"https:\/\/sagot-conseil.com\/index.php\/coaching-collectif\/","name":"Coaching collectif - Sagot Conseil","isPartOf":{"@id":"https:\/\/sagot-conseil.com\/#website"},"datePublished":"2020-05-04T08:18:56+00:00","dateModified":"2020-05-31T17:28:15+00:00","description":"Cr\u00e9er une dynamique collective autour d'un r\u00e9sultat. Inventer un processus pour embarquer une \u00e9quipe et produire ensemble une vision et un plan d'action.","breadcrumb":{"@id":"https:\/\/sagot-conseil.com\/index.php\/coaching-collectif\/#breadcrumb"},"inLanguage":"fr-FR","potentialAction":[{"@type":"ReadAction","target":["https:\/\/sagot-conseil.com\/index.php\/coaching-collectif\/"]}]},{"@type":"BreadcrumbList","@id":"https:\/\/sagot-conseil.com\/index.php\/coaching-collectif\/#breadcrumb","itemListElement":[{"@type":"ListItem","position":1,"name":"Accueil","item":"https:\/\/sagot-conseil.com\/"},{"@type":"ListItem","position":2,"name":"Coaching collectif"}]},{"@type":"WebSite","@id":"https:\/\/sagot-conseil.com\/#website","url":"https:\/\/sagot-conseil.com\/","name":"Sagot Conseil","description":"","publisher":{"@id":"https:\/\/sagot-conseil.com\/#organization"},"potentialAction":[{"@type":"SearchAction","target":{"@type":"EntryPoint","urlTemplate":"https:\/\/sagot-conseil.com\/?s={search_term_string}"},"query-input":"required name=search_term_string"}],"inLanguage":"fr-FR"},{"@type":"Organization","@id":"https:\/\/sagot-conseil.com\/#organization","name":"de l'intention \u00e0 l'action","url":"https:\/\/sagot-conseil.com\/","logo":{"@type":"ImageObject","inLanguage":"fr-FR","@id":"https:\/\/sagot-conseil.com\/#\/schema\/logo\/image\/","url":"http:\/\/sagot-conseil.com\/wp-content\/uploads\/2020\/05\/SAGOT-LOGO-RVB-500.gif","contentUrl":"http:\/\/sagot-conseil.com\/wp-content\/uploads\/2020\/05\/SAGOT-LOGO-RVB-500.gif","width":500,"height":516,"caption":"de l'intention \u00e0 l'action"},"image":{"@id":"https:\/\/sagot-conseil.com\/#\/schema\/logo\/image\/"}}]}},"uagb_featured_image_src":{"full":false,"thumbnail":false,"medium":false,"medium_large":false,"large":false,"1536x1536":false,"2048x2048":false,"post-thumbnail":false,"twentytwenty-fullscreen":false},"uagb_author_info":{"display_name":"V\u00e9ronique Sagot","author_link":"https:\/\/sagot-conseil.com\/index.php\/author\/admin1875\/"},"uagb_comment_info":0,"uagb_excerpt":"Cr\u00e9er une dynamique collective autour d&rsquo;un r\u00e9sultat. Inventer un processus pour embarquer une \u00e9quipe et produire ensemble une vision et un plan d&rsquo;action. Sans id\u00e9es pr\u00e9con\u00e7ues ni \u201cverbiage\u201d de consultant : un espace, des hommes et des femmes, un objectif&#8230; Plusieurs formats : Coaching d\u2019\u00e9quipe de direction Accompagnement des r\u00e9unions d&rsquo;\u00e9quipe habituelles ou organisation d&rsquo;un\u2026","_links":{"self":[{"href":"https:\/\/sagot-conseil.com\/index.php\/wp-json\/wp\/v2\/pages\/439"}],"collection":[{"href":"https:\/\/sagot-conseil.com\/index.php\/wp-json\/wp\/v2\/pages"}],"about":[{"href":"https:\/\/sagot-conseil.com\/index.php\/wp-json\/wp\/v2\/types\/page"}],"author":[{"embeddable":true,"href":"https:\/\/sagot-conseil.com\/index.php\/wp-json\/wp\/v2\/users\/1"}],"replies":[{"embeddable":true,"href":"https:\/\/sagot-conseil.com\/index.php\/wp-json\/wp\/v2\/comments?post=439"}],"version-history":[{"count":11,"href":"https:\/\/sagot-conseil.com\/index.php\/wp-json\/wp\/v2\/pages\/439\/revisions"}],"predecessor-version":[{"id":803,"href":"https:\/\/sagot-conseil.com\/index.php\/wp-json\/wp\/v2\/pages\/439\/revisions\/803"}],"wp:attachment":[{"href":"https:\/\/sagot-conseil.com\/index.php\/wp-json\/wp\/v2\/media?parent=439"}],"curies":[{"name":"wp","href":"https:\/\/api.w.org\/{rel}","templated":true}]}}