{"id":24,"date":"2020-04-16T15:58:21","date_gmt":"2020-04-16T13:58:21","guid":{"rendered":"http:\/\/sagot-conseil.com\/?page_id=24"},"modified":"2022-03-20T17:02:47","modified_gmt":"2022-03-20T16:02:47","slug":"accueil","status":"publish","type":"page","link":"https:\/\/sagot-conseil.com\/","title":{"rendered":"vers un leadership inspir\u00e9"},"content":{"rendered":"\n<figure class=\"wp-block-pullquote\"><blockquote><p>Vous  aimez la performance,  l&rsquo;efficacit\u00e9 et vous \u00eates sensibles, intuitifs&#8230;  <\/p><\/blockquote><\/figure>\n\n\n\n<div class=\"wp-container-4 wp-block-columns alignwide has-background\" style=\"background-color:#f8f9f5\">\n<div class=\"wp-container-1 wp-block-column\">\n<figure class=\"wp-block-image size-large is-style-default\"><a href=\"http:\/\/sagot-conseil.com\/index.php\/coaching\/\"><img loading=\"lazy\" width=\"1000\" height=\"630\" src=\"http:\/\/sagot-conseil.com\/wp-content\/uploads\/2020\/05\/format-re\u0301duit-clai-1.jpeg\" alt=\"coaching individuel dirigeant manager entrepreneur\" class=\"wp-image-652\" srcset=\"https:\/\/sagot-conseil.com\/wp-content\/uploads\/2020\/05\/format-re\u0301duit-clai-1.jpeg 1000w, https:\/\/sagot-conseil.com\/wp-content\/uploads\/2020\/05\/format-re\u0301duit-clai-1-300x189.jpeg 300w, https:\/\/sagot-conseil.com\/wp-content\/uploads\/2020\/05\/format-re\u0301duit-clai-1-768x484.jpeg 768w\" sizes=\"(max-width: 1000px) 100vw, 1000px\" \/><\/a><\/figure>\n\n\n\n<h4>Coaching individuel<\/h4>\n\n\n\n<p>Votre besoin est de r\u00e9unir vos diff\u00e9rentes dimensions et d\u2019acc\u00e9der  \u00e0 la r\u00e9alisation concr\u00e8te de ce qui compte pour vous. <a rel=\"noreferrer noopener\" href=\"http:\/\/sagot-conseil.com\/index.php\/coaching\/\" target=\"_blank\">(&#8230;)<\/a><\/p>\n\n\n\n<p><\/p>\n<\/div>\n\n\n\n<div class=\"wp-container-2 wp-block-column\">\n<figure class=\"wp-block-image size-large is-style-default\"><a href=\"http:\/\/sagot-conseil.com\/index.php\/coaching-collectif\/\"><img loading=\"lazy\" width=\"1024\" height=\"645\" src=\"http:\/\/sagot-conseil.com\/wp-content\/uploads\/2020\/04\/sagot-conseil-jardin.jpg\" alt=\"coaching d'\u00e9quipe facilitation\" class=\"wp-image-137\" srcset=\"https:\/\/sagot-conseil.com\/wp-content\/uploads\/2020\/04\/sagot-conseil-jardin.jpg 1024w, https:\/\/sagot-conseil.com\/wp-content\/uploads\/2020\/04\/sagot-conseil-jardin-300x189.jpg 300w, https:\/\/sagot-conseil.com\/wp-content\/uploads\/2020\/04\/sagot-conseil-jardin-768x484.jpg 768w\" sizes=\"(max-width: 1024px) 100vw, 1024px\" \/><\/a><\/figure>\n\n\n\n<h4>Coaching collectif<\/h4>\n\n\n\n<p>Votre besoin est de cr\u00e9er une dynamique collective pour r\u00e9ussir vos projets et de cr\u00e9er un niveau de confiance qui permet \u00e0 chacun d&rsquo;exprimer tout son potentiel dans le groupe. <a href=\"http:\/\/sagot-conseil.com\/index.php\/coaching-collectif\/\" target=\"_blank\" rel=\"noreferrer noopener\">(&#8230;)<\/a><\/p>\n<\/div>\n\n\n\n<div class=\"wp-container-3 wp-block-column\">\n<figure class=\"wp-block-image size-large is-style-default\"><a href=\"http:\/\/sagot-conseil.com\/index.php\/supervision\/\"><img loading=\"lazy\" width=\"1024\" height=\"645\" src=\"http:\/\/sagot-conseil.com\/wp-content\/uploads\/2020\/04\/sagot-conseil-tronc-arbre.jpeg\" alt=\"supervision de coach\" class=\"wp-image-148\" srcset=\"https:\/\/sagot-conseil.com\/wp-content\/uploads\/2020\/04\/sagot-conseil-tronc-arbre.jpeg 1024w, https:\/\/sagot-conseil.com\/wp-content\/uploads\/2020\/04\/sagot-conseil-tronc-arbre-300x189.jpeg 300w, https:\/\/sagot-conseil.com\/wp-content\/uploads\/2020\/04\/sagot-conseil-tronc-arbre-768x484.jpeg 768w\" sizes=\"(max-width: 1024px) 100vw, 1024px\" \/><\/a><\/figure>\n\n\n\n<h4>Supervision<\/h4>\n\n\n\n<p>Votre besoin est de prendre du recul et de porter un autre regard sur vos situations professionnelles. \u00c9largir vos champs de compr\u00e9hension et d&rsquo;interventions.  <a href=\"http:\/\/sagot-conseil.com\/index.php\/supervision\/\" target=\"_blank\" rel=\"noreferrer noopener\">(&#8230;)<\/a><br><\/p>\n\n\n\n<p><\/p>\n<\/div>\n<\/div>\n\n\n\n<hr class=\"wp-block-separator is-style-wide\"\/>\n\n\n\n<h2>Leadership inspir\u00e9 et concret<\/h2>\n\n\n\n<p class=\"has-normal-font-size\">Dirigeants, entrepreneurs,  leaders de projets,  visionnaires multi-dimensionnels, hypersensibles-perfectionnistes,  introvertis-entreprenants, je vous accompagne \u00e0 \u00eatre des leaders qui inspirent \u00e0 partir de votre pr\u00e9sence singuli\u00e8re, de votre cr\u00e9ativit\u00e9 et de votre savoir-faire collaboratif. <\/p>\n\n\n\n<p class=\"has-normal-font-size\">Dans un monde incertain, je vous permets de cr\u00e9er de l&rsquo;ouverture, de la confiance et de faire la diff\u00e9rence. <\/p>\n\n\n\n<div class=\"wp-container-13 wp-block-columns alignwide has-background\" style=\"background-color:#f8f9f5\">\n<div class=\"wp-container-8 wp-block-column\">\n<h5 class=\"has-text-align-left\"><strong>\u00c9couter votre vision int\u00e9rieure<\/strong><\/h5>\n\n\n\n<div class=\"wp-container-7 wp-block-group\"><div class=\"wp-block-group__inner-container\">\n<div class=\"wp-container-6 wp-block-group\"><div class=\"wp-block-group__inner-container\">\n<div class=\"wp-container-5 wp-block-group\"><div class=\"wp-block-group__inner-container\">\n<figure class=\"wp-block-image size-large\"><img loading=\"lazy\" width=\"890\" height=\"890\" src=\"http:\/\/sagot-conseil.com\/wp-content\/uploads\/2020\/05\/Page1.jpeg\" alt=\"Vision Intention Raison d'Etre\" class=\"wp-image-420\" srcset=\"https:\/\/sagot-conseil.com\/wp-content\/uploads\/2020\/05\/Page1.jpeg 890w, https:\/\/sagot-conseil.com\/wp-content\/uploads\/2020\/05\/Page1-300x300.jpeg 300w, https:\/\/sagot-conseil.com\/wp-content\/uploads\/2020\/05\/Page1-150x150.jpeg 150w, https:\/\/sagot-conseil.com\/wp-content\/uploads\/2020\/05\/Page1-768x768.jpeg 768w\" sizes=\"(max-width: 890px) 100vw, 890px\" \/><\/figure>\n<\/div><\/div>\n<\/div><\/div>\n<\/div><\/div>\n\n\n\n<p>Trouver votre fa\u00e7on de vous mettre \u00e0 l&rsquo;\u00e9coute de vous-m\u00eame, de vos intuitions, et de formuler votre vision propre et singuli\u00e8re.<\/p>\n<\/div>\n\n\n\n<div class=\"wp-container-10 wp-block-column\">\n<h5 class=\"has-text-align-left\"><strong>Ouvrir le champ des possibles<\/strong><\/h5>\n\n\n\n<div class=\"wp-container-9 wp-block-group\"><div class=\"wp-block-group__inner-container\">\n<figure class=\"wp-block-image size-large\"><img loading=\"lazy\" width=\"1012\" height=\"1012\" src=\"http:\/\/sagot-conseil.com\/wp-content\/uploads\/2020\/05\/Page2.jpeg\" alt=\"Cr\u00e9ativit\u00e9 Innovation\" class=\"wp-image-421\" srcset=\"https:\/\/sagot-conseil.com\/wp-content\/uploads\/2020\/05\/Page2.jpeg 1012w, https:\/\/sagot-conseil.com\/wp-content\/uploads\/2020\/05\/Page2-300x300.jpeg 300w, https:\/\/sagot-conseil.com\/wp-content\/uploads\/2020\/05\/Page2-150x150.jpeg 150w, https:\/\/sagot-conseil.com\/wp-content\/uploads\/2020\/05\/Page2-768x768.jpeg 768w\" sizes=\"(max-width: 1012px) 100vw, 1012px\" \/><\/figure>\n<\/div><\/div>\n\n\n\n<p>D\u00e9velopper l&rsquo;agilit\u00e9 face aux situations en entrainant votre regard strat\u00e9gique et en ouvrant sur le domaine du sensible et des \u00e9motions. <\/p>\n<\/div>\n\n\n\n<div class=\"wp-container-12 wp-block-column\">\n<h5 class=\"has-text-align-left\"><strong>Animer par votre pr\u00e9sence<\/strong> <br><\/h5>\n\n\n\n<div class=\"wp-container-11 wp-block-group\"><div class=\"wp-block-group__inner-container\">\n<figure class=\"wp-block-image size-large\"><img loading=\"lazy\" width=\"908\" height=\"908\" src=\"http:\/\/sagot-conseil.com\/wp-content\/uploads\/2020\/05\/main-redessine\u0301.jpeg\" alt=\"Animation Collaborative Posture\" class=\"wp-image-630\" srcset=\"https:\/\/sagot-conseil.com\/wp-content\/uploads\/2020\/05\/main-redessine\u0301.jpeg 908w, https:\/\/sagot-conseil.com\/wp-content\/uploads\/2020\/05\/main-redessine\u0301-300x300.jpeg 300w, https:\/\/sagot-conseil.com\/wp-content\/uploads\/2020\/05\/main-redessine\u0301-150x150.jpeg 150w, https:\/\/sagot-conseil.com\/wp-content\/uploads\/2020\/05\/main-redessine\u0301-768x768.jpeg 768w\" sizes=\"(max-width: 908px) 100vw, 908px\" \/><\/figure>\n<\/div><\/div>\n\n\n\n<p>Explorer , exp\u00e9rimenter et ancrer les pratiques concr\u00e8tes d&rsquo;animation collaborative et trouver un vrai plaisir dans l&rsquo;animation en adoptant une posture authentique et align\u00e9e. <\/p>\n<\/div>\n<\/div>\n\n\n\n<hr class=\"wp-block-separator\"\/>\n\n\n\n<div class=\"wp-block-media-text alignwide is-stacked-on-mobile is-vertically-aligned-top is-image-fill has-background has-subtle-background-background-color has-background\" style=\"grid-template-columns:41% auto\"><figure class=\"wp-block-media-text__media\" style=\"background-image:url(http:\/\/sagot-conseil.com\/wp-content\/uploads\/2020\/04\/Veronique-sagot-coaching-supervision-leadership.jpg);background-position:50% 50%\"><img loading=\"lazy\" width=\"665\" height=\"665\" src=\"http:\/\/sagot-conseil.com\/wp-content\/uploads\/2020\/04\/Veronique-sagot-coaching-supervision-leadership.jpg\" alt=\"\" class=\"wp-image-151 size-full\" srcset=\"https:\/\/sagot-conseil.com\/wp-content\/uploads\/2020\/04\/Veronique-sagot-coaching-supervision-leadership.jpg 665w, https:\/\/sagot-conseil.com\/wp-content\/uploads\/2020\/04\/Veronique-sagot-coaching-supervision-leadership-300x300.jpg 300w, https:\/\/sagot-conseil.com\/wp-content\/uploads\/2020\/04\/Veronique-sagot-coaching-supervision-leadership-150x150.jpg 150w\" sizes=\"(max-width: 665px) 100vw, 665px\" \/><\/figure><div class=\"wp-block-media-text__content\">\n<p class=\"has-normal-font-size\">L&rsquo;\u0153il en \u00e9ventail et le c\u0153ur vibrant. &nbsp;<\/p>\n\n\n\n<p class=\"has-normal-font-size\">Coach &amp; Superviseur,  je suis sp\u00e9cialiste du leadership transversal dans les organisations complexes et matricielles, et des profils atypiques qui aiment conduire des chantiers \u00e0 enjeux. <\/p>\n\n\n\n<p>De l&rsquo;ing\u00e9nieur en agriculture au coaching syst\u00e9mique, mon regard se porte sur les interactions et sur les ressources pour lib\u00e9rer des \u00e9nergies cr\u00e9atrices. <\/p>\n<\/div><\/div>\n\n\n\n<hr class=\"wp-block-separator\"\/>\n\n\n\n<p class=\"has-text-align-center has-larger-font-size\">Permettre \u00e0 chacun d\u2019\u00eatre soi-m\u00eame, <br>dans sa puissance et sa vuln\u00e9rabilit\u00e9, <br>et que l\u2019entreprise soit un lieu de d\u00e9veloppement  et de vie. <em> <\/em><\/p>\n\n\n\n<hr class=\"wp-block-separator\"\/>\n\n\n\n<p><\/p>\n","protected":false},"excerpt":{"rendered":"<p>Vous aimez la performance, l&rsquo;efficacit\u00e9 et vous \u00eates sensibles, intuitifs&#8230; Coaching individuel Votre besoin est de r\u00e9unir vos diff\u00e9rentes dimensions et d\u2019acc\u00e9der \u00e0 la r\u00e9alisation concr\u00e8te de ce qui compte pour vous. (&#8230;) Coaching collectif Votre besoin est de cr\u00e9er une dynamique collective pour r\u00e9ussir vos projets et de cr\u00e9er un niveau de confiance qui [&hellip;]<\/p>\n","protected":false},"author":1,"featured_media":784,"parent":0,"menu_order":0,"comment_status":"closed","ping_status":"closed","template":"templates\/template-cover.php","meta":{"_uag_custom_page_level_css":""},"yoast_head":"<!-- This site is optimized with the Yoast SEO plugin v20.1 - https:\/\/yoast.com\/wordpress\/plugins\/seo\/ -->\n<title>vers un leadership inspir\u00e9 - Sagot Conseil<\/title>\n<meta name=\"description\" content=\"V\u00e9ronique Sagot est coach &amp; superviseur. Elle accompagne dirigeants, entrepreneurs et leaders de projet.\" \/>\n<meta name=\"robots\" content=\"index, follow, max-snippet:-1, max-image-preview:large, max-video-preview:-1\" \/>\n<link rel=\"canonical\" href=\"https:\/\/sagot-conseil.com\/\" \/>\n<meta property=\"og:locale\" content=\"fr_FR\" \/>\n<meta property=\"og:type\" content=\"article\" \/>\n<meta property=\"og:title\" content=\"vers un leadership inspir\u00e9 - Sagot Conseil\" \/>\n<meta property=\"og:description\" content=\"V\u00e9ronique Sagot est coach &amp; superviseur. Elle accompagne dirigeants, entrepreneurs et leaders de projet.\" \/>\n<meta property=\"og:url\" content=\"https:\/\/sagot-conseil.com\/\" \/>\n<meta property=\"og:site_name\" content=\"Sagot Conseil\" \/>\n<meta property=\"article:modified_time\" content=\"2022-03-20T16:02:47+00:00\" \/>\n<meta property=\"og:image\" content=\"https:\/\/sagot-conseil.com\/wp-content\/uploads\/2020\/05\/Veronique-Sagot-portrait-par-Gwladys-Louiset-etendu.jpg\" \/>\n\t<meta property=\"og:image:width\" content=\"1280\" \/>\n\t<meta property=\"og:image:height\" content=\"974\" \/>\n\t<meta property=\"og:image:type\" content=\"image\/jpeg\" \/>\n<meta name=\"twitter:card\" content=\"summary_large_image\" \/>\n<meta name=\"twitter:label1\" content=\"Dur\u00e9e de lecture estim\u00e9e\" \/>\n\t<meta name=\"twitter:data1\" content=\"3 minutes\" \/>\n<script type=\"application\/ld+json\" class=\"yoast-schema-graph\">{\"@context\":\"https:\/\/schema.org\",\"@graph\":[{\"@type\":\"WebPage\",\"@id\":\"https:\/\/sagot-conseil.com\/\",\"url\":\"https:\/\/sagot-conseil.com\/\",\"name\":\"vers un leadership inspir\u00e9 - Sagot Conseil\",\"isPartOf\":{\"@id\":\"https:\/\/sagot-conseil.com\/#website\"},\"datePublished\":\"2020-04-16T13:58:21+00:00\",\"dateModified\":\"2022-03-20T16:02:47+00:00\",\"description\":\"V\u00e9ronique Sagot est coach & superviseur. Elle accompagne dirigeants, entrepreneurs et leaders de projet.\",\"breadcrumb\":{\"@id\":\"https:\/\/sagot-conseil.com\/#breadcrumb\"},\"inLanguage\":\"fr-FR\",\"potentialAction\":[{\"@type\":\"ReadAction\",\"target\":[\"https:\/\/sagot-conseil.com\/\"]}]},{\"@type\":\"BreadcrumbList\",\"@id\":\"https:\/\/sagot-conseil.com\/#breadcrumb\",\"itemListElement\":[{\"@type\":\"ListItem\",\"position\":1,\"name\":\"Accueil\",\"item\":\"https:\/\/sagot-conseil.com\/\"},{\"@type\":\"ListItem\",\"position\":2,\"name\":\"vers un leadership inspir\u00e9\"}]},{\"@type\":\"WebSite\",\"@id\":\"https:\/\/sagot-conseil.com\/#website\",\"url\":\"https:\/\/sagot-conseil.com\/\",\"name\":\"Sagot Conseil\",\"description\":\"\",\"publisher\":{\"@id\":\"https:\/\/sagot-conseil.com\/#organization\"},\"potentialAction\":[{\"@type\":\"SearchAction\",\"target\":{\"@type\":\"EntryPoint\",\"urlTemplate\":\"https:\/\/sagot-conseil.com\/?s={search_term_string}\"},\"query-input\":\"required name=search_term_string\"}],\"inLanguage\":\"fr-FR\"},{\"@type\":\"Organization\",\"@id\":\"https:\/\/sagot-conseil.com\/#organization\",\"name\":\"de l'intention \u00e0 l'action\",\"url\":\"https:\/\/sagot-conseil.com\/\",\"logo\":{\"@type\":\"ImageObject\",\"inLanguage\":\"fr-FR\",\"@id\":\"https:\/\/sagot-conseil.com\/#\/schema\/logo\/image\/\",\"url\":\"http:\/\/sagot-conseil.com\/wp-content\/uploads\/2020\/05\/SAGOT-LOGO-RVB-500.gif\",\"contentUrl\":\"http:\/\/sagot-conseil.com\/wp-content\/uploads\/2020\/05\/SAGOT-LOGO-RVB-500.gif\",\"width\":500,\"height\":516,\"caption\":\"de l'intention \u00e0 l'action\"},\"image\":{\"@id\":\"https:\/\/sagot-conseil.com\/#\/schema\/logo\/image\/\"}}]}<\/script>\n<!-- \/ Yoast SEO plugin. -->","yoast_head_json":{"title":"vers un leadership inspir\u00e9 - Sagot Conseil","description":"V\u00e9ronique Sagot est coach & superviseur. Elle accompagne dirigeants, entrepreneurs et leaders de projet.","robots":{"index":"index","follow":"follow","max-snippet":"max-snippet:-1","max-image-preview":"max-image-preview:large","max-video-preview":"max-video-preview:-1"},"canonical":"https:\/\/sagot-conseil.com\/","og_locale":"fr_FR","og_type":"article","og_title":"vers un leadership inspir\u00e9 - Sagot Conseil","og_description":"V\u00e9ronique Sagot est coach & superviseur. Elle accompagne dirigeants, entrepreneurs et leaders de projet.","og_url":"https:\/\/sagot-conseil.com\/","og_site_name":"Sagot Conseil","article_modified_time":"2022-03-20T16:02:47+00:00","og_image":[{"width":1280,"height":974,"url":"https:\/\/sagot-conseil.com\/wp-content\/uploads\/2020\/05\/Veronique-Sagot-portrait-par-Gwladys-Louiset-etendu.jpg","type":"image\/jpeg"}],"twitter_card":"summary_large_image","twitter_misc":{"Dur\u00e9e de lecture estim\u00e9e":"3 minutes"},"schema":{"@context":"https:\/\/schema.org","@graph":[{"@type":"WebPage","@id":"https:\/\/sagot-conseil.com\/","url":"https:\/\/sagot-conseil.com\/","name":"vers un leadership inspir\u00e9 - Sagot Conseil","isPartOf":{"@id":"https:\/\/sagot-conseil.com\/#website"},"datePublished":"2020-04-16T13:58:21+00:00","dateModified":"2022-03-20T16:02:47+00:00","description":"V\u00e9ronique Sagot est coach & superviseur. Elle accompagne dirigeants, entrepreneurs et leaders de projet.","breadcrumb":{"@id":"https:\/\/sagot-conseil.com\/#breadcrumb"},"inLanguage":"fr-FR","potentialAction":[{"@type":"ReadAction","target":["https:\/\/sagot-conseil.com\/"]}]},{"@type":"BreadcrumbList","@id":"https:\/\/sagot-conseil.com\/#breadcrumb","itemListElement":[{"@type":"ListItem","position":1,"name":"Accueil","item":"https:\/\/sagot-conseil.com\/"},{"@type":"ListItem","position":2,"name":"vers un leadership inspir\u00e9"}]},{"@type":"WebSite","@id":"https:\/\/sagot-conseil.com\/#website","url":"https:\/\/sagot-conseil.com\/","name":"Sagot Conseil","description":"","publisher":{"@id":"https:\/\/sagot-conseil.com\/#organization"},"potentialAction":[{"@type":"SearchAction","target":{"@type":"EntryPoint","urlTemplate":"https:\/\/sagot-conseil.com\/?s={search_term_string}"},"query-input":"required name=search_term_string"}],"inLanguage":"fr-FR"},{"@type":"Organization","@id":"https:\/\/sagot-conseil.com\/#organization","name":"de l'intention \u00e0 l'action","url":"https:\/\/sagot-conseil.com\/","logo":{"@type":"ImageObject","inLanguage":"fr-FR","@id":"https:\/\/sagot-conseil.com\/#\/schema\/logo\/image\/","url":"http:\/\/sagot-conseil.com\/wp-content\/uploads\/2020\/05\/SAGOT-LOGO-RVB-500.gif","contentUrl":"http:\/\/sagot-conseil.com\/wp-content\/uploads\/2020\/05\/SAGOT-LOGO-RVB-500.gif","width":500,"height":516,"caption":"de l'intention \u00e0 l'action"},"image":{"@id":"https:\/\/sagot-conseil.com\/#\/schema\/logo\/image\/"}}]}},"uagb_featured_image_src":{"full":["https:\/\/sagot-conseil.com\/wp-content\/uploads\/2020\/05\/Veronique-Sagot-portrait-par-Gwladys-Louiset-etendu.jpg",1280,974,false],"thumbnail":["https:\/\/sagot-conseil.com\/wp-content\/uploads\/2020\/05\/Veronique-Sagot-portrait-par-Gwladys-Louiset-etendu-150x150.jpg",150,150,true],"medium":["https:\/\/sagot-conseil.com\/wp-content\/uploads\/2020\/05\/Veronique-Sagot-portrait-par-Gwladys-Louiset-etendu-300x228.jpg",300,228,true],"medium_large":["https:\/\/sagot-conseil.com\/wp-content\/uploads\/2020\/05\/Veronique-Sagot-portrait-par-Gwladys-Louiset-etendu-768x584.jpg",580,441,true],"large":["https:\/\/sagot-conseil.com\/wp-content\/uploads\/2020\/05\/Veronique-Sagot-portrait-par-Gwladys-Louiset-etendu-1024x779.jpg",580,441,true],"1536x1536":["https:\/\/sagot-conseil.com\/wp-content\/uploads\/2020\/05\/Veronique-Sagot-portrait-par-Gwladys-Louiset-etendu.jpg",1280,974,false],"2048x2048":["https:\/\/sagot-conseil.com\/wp-content\/uploads\/2020\/05\/Veronique-Sagot-portrait-par-Gwladys-Louiset-etendu.jpg",1280,974,false],"post-thumbnail":["https:\/\/sagot-conseil.com\/wp-content\/uploads\/2020\/05\/Veronique-Sagot-portrait-par-Gwladys-Louiset-etendu-1200x913.jpg",1200,913,true],"twentytwenty-fullscreen":["https:\/\/sagot-conseil.com\/wp-content\/uploads\/2020\/05\/Veronique-Sagot-portrait-par-Gwladys-Louiset-etendu.jpg",1280,974,false]},"uagb_author_info":{"display_name":"V\u00e9ronique Sagot","author_link":"https:\/\/sagot-conseil.com\/index.php\/author\/admin1875\/"},"uagb_comment_info":0,"uagb_excerpt":"Vous aimez la performance, l&rsquo;efficacit\u00e9 et vous \u00eates sensibles, intuitifs&#8230; Coaching individuel Votre besoin est de r\u00e9unir vos diff\u00e9rentes dimensions et d\u2019acc\u00e9der \u00e0 la r\u00e9alisation concr\u00e8te de ce qui compte pour vous. (&#8230;) Coaching collectif Votre besoin est de cr\u00e9er une dynamique collective pour r\u00e9ussir vos projets et de cr\u00e9er un niveau de confiance qui\u2026","_links":{"self":[{"href":"https:\/\/sagot-conseil.com\/index.php\/wp-json\/wp\/v2\/pages\/24"}],"collection":[{"href":"https:\/\/sagot-conseil.com\/index.php\/wp-json\/wp\/v2\/pages"}],"about":[{"href":"https:\/\/sagot-conseil.com\/index.php\/wp-json\/wp\/v2\/types\/page"}],"author":[{"embeddable":true,"href":"https:\/\/sagot-conseil.com\/index.php\/wp-json\/wp\/v2\/users\/1"}],"replies":[{"embeddable":true,"href":"https:\/\/sagot-conseil.com\/index.php\/wp-json\/wp\/v2\/comments?post=24"}],"version-history":[{"count":161,"href":"https:\/\/sagot-conseil.com\/index.php\/wp-json\/wp\/v2\/pages\/24\/revisions"}],"predecessor-version":[{"id":840,"href":"https:\/\/sagot-conseil.com\/index.php\/wp-json\/wp\/v2\/pages\/24\/revisions\/840"}],"wp:featuredmedia":[{"embeddable":true,"href":"https:\/\/sagot-conseil.com\/index.php\/wp-json\/wp\/v2\/media\/784"}],"wp:attachment":[{"href":"https:\/\/sagot-conseil.com\/index.php\/wp-json\/wp\/v2\/media?parent=24"}],"curies":[{"name":"wp","href":"https:\/\/api.w.org\/{rel}","templated":true}]}}